= 0, 3*x + 19 = -j. Let o(r) = -r**3 - 4*r**2 - r - 2. What is o(j)?
2
Suppose -3*w - 3 = 3*n - 0*w, 0 = -2*n - 3*w - 7. Let k(y) = -y**3 + 4*y**2 + 6*y - 6. Give k(n).
18
Let c(l) = l**2. Let d(m) = 2*m**3 - 3*m**2 + m + 1. Let g(a) = 2*c(a) + d(a). What is g(-1)?
-3
Let i(w) be the second derivative of -5/6*w**3 + 1/2*w**2 + 2*w + 1/8*w**4 + 0 + 1/60*w**5. Let j(z) be the first derivative of i(z). Give j(-4).
-1
Suppose 4*g = 5 - 1. Let i(k) = -3 - g - 1 + k. Let p be 0/(-3 - -2 - -2). What is i(p)?
-5
Suppose -2 = 3*c + 16. Let b(m) = -m - 5. Calculate b(c).
1
Let t(f) = 24*f**2 + 2*f - 1. Let q be t(1). Suppose g + i = 3*i + 1, -5*g = 5*i + q. Let o(r) = -r**3 - 4 + 6*r - 3*r - r**2 + 2. What is o(g)?
7
Suppose 0 = -4*c + 5*c - 2. Let v(b) = 6*b**3 - 20*b**2 - 8*b + 17. Let k(n) = -2*n**3 + 7*n**2 + 3*n - 6. Let s(x) = -11*k(x) - 4*v(x). Calculate s(c).
-8
Let t(q) = -2*q**2 + 15 + 30 - 54 - 10*q. What is t(-6)?
-21
Let l(x) = 2*x + 3. Let w(f) = -3*f**2 - 3*f + 2. Let n be w(1). Calculate l(n).
-5
Let q(m) = 6*m**3 + m**2 - m - 1. Suppose 2*b = 4 - 2. Suppose 3*n + b + 2 = 0. Calculate q(n).
-5
Let o(b) = b**3 + 5*b**2 + 5*b + 4. Let n be o(-4). Let q(d) = 12 - 4 + d - 4 - 11. Calculate q(n).
-7
Let x(u) = u**2 + 5*u + 6. Let j = 12 + -16. Give x(j).
2
Suppose -3*b + 2 = 17. Let p = b - -4. Let m(g) be the second derivative of g**5/10 - g**4/12 - g**3/6 - g**2/2 + g. Calculate m(p).
-3
Let c(r) be the second derivative of 7*r**4/12 - r**3/6 - r. Let g be 5 + -4 - (-1 + 1). Suppose 0*m - m = -g. Calculate c(m).
6
Let d(a) be the second derivative of -a**3/6 - a**2 + 6*a. Give d(6).
-8
Let a(d) = 10*d**3 - 2*d**2 + 1. Let v = -41 + 42. Determine a(v).
9
Let v(w) be the second derivative of w**3/3 + w**2/2 - 12*w. Calculate v(1).
3
Let y = 9 - 9. Suppose y = 3*p + 4*t - 2, 0 = -6*t + 2*t + 8. Let w(n) = n**2 + 5*n - 6. Let x(m) = m**2 + 5*m - 6. Let s(o) = p*x(o) + 3*w(o). What is s(-5)?
-6
Let j(f) = 3*f + 2. Suppose 8 = -h + 5. Calculate j(h).
-7
Let q(v) = -v**2 + 7*v - 6. Let o = -10 - -11. Let g = 3 + o. Calculate q(g).
6
Let h be (-3)/(-5) - (-2)/5. Let l(z) = 8*z**2 - 1. What is l(h)?
7
Let l be (-52)/(-14) - 4/(-14). Let a(h) be the third derivative of -h**5/60 + h**4/6 - h**3/6 + 4*h**2. What is a(l)?
-1
Suppose 0 = 5*k - 8*k + 6. Let j(p) = 4 - 2*p + 8*p - p**2 + 2*p**k. Let u = -3 - 1. What is j(u)?
-4
Let q(i) be the third derivative of i**4/2 + 3*i**2. Calculate q(-1).
-12
Suppose 0 = -4*f + 20, -3*b = -7*b + 2*f - 14. Let m(h) = 13*h**2. What is m(b)?
13
Let i(d) be the second derivative of d**3/2 + d. Suppose 0*t - q = -2*t - 5, -4*t - 4*q - 4 = 0. Let g = t - -1. Give i(g).
-3
Let w = 38 - 32. Let x(j) = j - 4. Determine x(w).
2
Let s be 1/(4/(-9))*4. Let g be (-2)/s + (-43)/(-9). Let i(z) = z**3 - 6*z**2 + 6*z - 2. Let d be i(g). Let x(h) = -h**3 + 5*h**2 - 5*h + 3. What is x(d)?
6
Let w be (1 + 0)/(2/2). Let a(h) be the third derivative of 4*h**2 - 1/6*h**3 + 1/24*h**4 + 0*h + 1/12*h**5 + 0. Determine a(w).
5
Let r(f) = -4*f**3 - 9*f**2 - 7*f - 9. Let i(w) = -w**3 - w**2 - 1. Let x(l) = -3*i(l) + r(l). What is x(-4)?
-10
Let t(b) be the first derivative of b**4/4 - b**3 - 3*b**2/2 + 4*b - 13. What is t(3)?
-5
Let q = -10 - -14. Let x = -4 + q. Let y(m) be the first derivative of -m**4/4 + m**3/3 - m**2/2 + 6*m - 1. What is y(x)?
6
Let l be (-1)/(-3) - (-34)/6. Let b(f) = -3*f**3 - 5*f**2 - 5*f - 2. Let j(r) = -2*r**3 - 2*r**2 - 2*r - 1. Let c(x) = 3*b(x) - 5*j(x). Determine c(l).
5
Suppose 46 = -3*j + 64. Let r(p) = -2*p + 8. Determine r(j).
-4
Let q(a) = a**3 - 7*a**2 + 7*a - 8. Suppose 11*k + 0 - 66 = 0. What is q(k)?
-2
Let u = -59 + 55. Let o(m) = -m**2 - 3*m - 1. What is o(u)?
-5
Let f(w) be the third derivative of -w**4/24 - w**3/6 - w**2. Let n(d) = -d - 3. Let i(b) = -2*f(b) + n(b). Give i(-1).
-2
Let d be (0/1)/(-3 + 2). Let l(p) = -p + 10. Determine l(d).
10
Let s(o) = o + 7. Let c be s(-5). Let y be ((-3)/c)/((-3)/8). Let z(g) = -2*g + 2. Determine z(y).
-6
Suppose 15*k = 5*k + 10. Let z(c) = 9*c**2 - 1. Determine z(k).
8
Suppose 3*g + 4*b = -35, 5*g + 17 = b - 3. Let o(x) = -x - 8. Determine o(g).
-3
Let x(u) = u**3 - u - 2*u**3 + 0*u + 2*u**3. What is x(1)?
0
Let x(i) = 5*i**2 + 2*i + 1. Let l = -22 - -21. Give x(l).
4
Let u(l) = l - 2. Let h be u(5). Let d(b) = 5*b**2 + h*b + 1 + 5*b - 10*b - 4*b**2. Give d(1).
0
Let p be (-3)/((-12)/4 - -2). Let b(d) be the third derivative of 0*d**p + 0*d + d**2 + 0 + 5/24*d**4. What is b(1)?
5
Let f(j) = j - 10. Let u be -5 + 3 + 0 + -1. Let w be (4/6)/(u/(-9)). Suppose -2*d + 2*r = -12, -6*d = -3*d + w*r - 13. Give f(d).
-5
Let k(s) = -8*s - 1. Let y(f) = 1. Let i(o) = -16*o. Let x(a) = -i(a) + 3*y(a). Let u(h) = 5*k(h) + 2*x(h). What is u(1)?
-7
Suppose -6*d + 24 = -5*d. Let s be d/(-36)*(-10 - -1). Let n(g) = g**3 - 7*g**2 + 8*g - 7. Determine n(s).
5
Suppose 3*b = 2*b, 2*a - 3*b = -2. Let p(x) = -x**3 - x**2 - x - 1. Determine p(a).
0
Let l(y) = y**2 - 3*y. Let j be (2/5)/(6/(-30)). Let t = 3 + j. Let s be 5*(2 + -1) - t. Determine l(s).
4
Let a(b) = -b**2 - 5*b - 4. Suppose 6*j - 12 = 3*j. Suppose -j*c - 4*x - 4 = 0, 9 = -5*c + 2*x - 10. Calculate a(c).
2
Suppose -w + 29 = -5*x, -2 = -x - 3*w - 11. Let h(q) = q**3 + 0*q + 6*q**2 + 1 + 0*q. Calculate h(x).
1
Let m(s) = 2*s**3 + 5*s - 1 - 2*s - 3*s**2 + 3 + 6*s**2. What is m(-2)?
-8
Suppose -13 = -3*b + 17. Let x = b + -6. Suppose -x*h = -h + 9, 0 = -j + 2*h + 2. Let q(v) = -v**2 - 5*v - 3. What is q(j)?
1
Suppose 4*m + 5*o - 8 = 5, 3 = 3*o. Suppose 0 = 4*l + m*f - 22, 1 + 10 = 5*l - 3*f. Let w(k) = -86 - 3*k + 0*k - 3*k**2 + k**3 + 84 - 2*k. What is w(l)?
-6
Suppose 0 - 6 = -3*z. Suppose 0*r = -z*r + 4. Let c(t) = t - 1. Give c(r).
1
Let l(u) = -u**3 + 8*u**2 + 2. Let j be l(8). Let b(z) = -3 + 0 + j*z + z + 3*z. What is b(3)?
15
Let g(h) = 3*h + 5. Let x(y) = y + 1. Suppose 2 = -b - 4. Let o(r) = b*x(r) + g(r). Determine o(-3).
8
Let f(s) = -3*s - 3*s + 5*s. Let l(d) = 3*d + 1. Let b(j) = -2*f(j) - l(j). Give b(-6).
5
Suppose -5*b = -4*v, 0*v - 13 = 3*b - 5*v. Let p(o) = o**2 - 8*o - 1. Give p(b).
-17
Let a = 30 + -29. Let r(p) = -10*p**2 - 2*p + 1. Give r(a).
-11
Let n(u) = -u - 9. Suppose 0*f - f = 0, 2*w + 5*f + 22 = 0. What is n(w)?
2
Let a = 2 + 2. Let n be -4 + 1 - (3 - 11). Let v(m) = -2 - n*m + m**2 + 2 - 2. Determine v(a).
-6
Let g(h) = -h**2 - 9*h - 9. Suppose 5*x - 7 = 3. Let n(r) = r**3 + 7*r**2 + r + 10. Let o be n(-7). Suppose 2*i + 3*j = -21, i = -x*i + o*j - 9. Determine g(i).
9
Let g(y) = y**3 - 4*y**2 + y + 1. Suppose m - 4 = -4*u + 3, 0 = -3*u + 3*m + 24. Suppose d + u*v + 22 = 6*d, v - 4 = -4*d. Let f be d/(-4) - 10/(-4). Give g(f).
-5
Suppose 0 = 10*m - 13 - 37. Let t(f) = -f**2 + 5*f + 5. Determine t(m).
5
Let r = -13 - -19. Let j(t) be the third derivative of -t**4/24 - 6*t**2. Give j(r).
-6
Let j(o) = -o**3 - 11*o**2 - o + 3. Let t(p) = -p**3 - 10*p**2 - p + 3. Let m(h) = -4*j(h) + 5*t(h). Calculate m(-6).
9
Let w(v) = 7*v - 3*v - 4 - 5*v + 2. Give w(-4).
2
Suppose 8 = -2*o + 14. Let r(i) be the second derivative of 0 + 0*i**o - 4*i**2 - 1/12*i**4 + i. Calculate r(0).
-8
Let j(f) = -f**2 - f + 11. Let s(x) = -x**2 - x + 3. Let i be s(0). Let g = -3 + i. Calculate j(g).
11
Suppose -4 = 4*v - 4*d, -3*v - 2*d - 3 = -0*v. Let f be ((-3)/(-3))/1 - v. Let t(c) = -4*c**2 + f - 2*c**2 + 4 + c**3 + 5*c. Determine t(5).
6
Let w(i) = 3*i - 1. Let b be w(1). Let u(n) be the first derivative of -5*n**2/2 + 3*n + 35. Determine u(b).
-7
Let s(g) = -g**2 - 2*g + 4. Let d = -19 - -15. Calculate s(d).
-4
Let x(k) be the third derivative of k**6/30 - k**5/60 + k**3/6 - 3*k**2. Let a = 24 + -25. Give x(a).
-4
Let h(f) = -f + 2. Let o(b) = -3*b**2 - 7*b - 2. Let c(n) = -4*n + 10*n + 5*n**2 - 3*n**2 + 1. Let d(k) = 4*c(k) + 3*o(k). Let w be d(2). Determine h(w).
2
Let y(u) = u**3 + 10*u**2 - u - 7. Let r be y(-10). Suppose -v + 3*v - 4 = -q, 0 = -3*q. Let c(l) = l**r + v + 0*l - l**2 - 2*l**2 - l. What is c(3)?
-1
Let r(j) = -j**2 + 8*j + 10. Let t be r(10). Let g = 10 + t. Let q(o) = -o + 3. Calculate q(g).
3
Let o(u) = -3*u - 6. Let h(c) = 4*c + 7. Let d(m) = -2*h(m) - 3*o(m). Let t be d(-3). Let b(z) = z**2 - z - 1 + t. Give b(0).
0
Let l(p) = 4*p**2 - 5*p - 2*p**3 + 4*p**3 + 8 - p**3 - 3. What is l(-5)?
5
Su